et a be 12 + 95 + 1/((-2)/(-6)). Let s(m) = 3*m + 1 + a*m**2 + 1 + 0. What is the units digit of s(-1)?
9
Let b be (-2 - -2)*(3 - 4). Suppose -91*o + 90*o + 322 = b. What is the tens digit of o?
2
Suppose -40*l - 12 = -43*l. Suppose -l*x = y - 9*x + 15, -5*y - 5*x - 15 = 0. What is the tens digit of y/70*-2362 + (-4)/(-14)?
6
Let f(j) = 282*j**2 + 6*j - 5. Suppose -1 = -b + 134. Let k = -134 + b. What is the hundreds digit of f(k)?
2
Let g be ((-54)/45)/((-4)/(-70)) - 5. Let p(y) = -y**3 - 25*y**2 + 15*y - 102. What is the tens digit of p(g)?
8
What is the tens digit of ((-36)/(-30)*(-10)/(-8))/((-15)/(-141660))?
6
Let g = -25256 - -52085. What is the thousands digit of g?
6
Let d = -99 - -96. What is the hundreds digit of (8 - 14)*((-153)/6 + d)?
1
Suppose -g + 3*g = 4. Let f be -4 + 1 - 105/g*-2. Let d = -62 + f. What is the tens digit of d?
4
Let o(g) = -g**2 - 49*g + 2155. What is the hundreds digit of o(0)?
1
Let r(a) = a**2 - 1. Let l(q) = 199*q**2 + q - 3. Let j(n) = l(n) - 3*r(n). What is the tens digit of j(-1)?
9
Let n(w) = 3*w + 17. Let i be n(-5). Suppose -i*d - 2*o = -4*d - 28, -3*d - 34 = -o. What is the units digit of (-1)/(-5) - 58/d?
6
Suppose 48 = -m + 4*m. Suppose -1444 = m*k - 18*k. What is the units digit of k?
2
Suppose -2*v + 141604 = 3*o + o, -o + 1062204 = 15*v. What is the ten thousands digit of v?
7
Let q(k) = -14*k - 2. Let i be (2/(-6))/((-4)/36). Suppose 0 = -5*c + 2*d - 3, -c + i*d + 8 = -6*c. What is the units digit of q(c)?
2
Let p(f) = 4*f - 28. Let d = -43 - -50. Let u be p(d). Suppose -4*v = 5*g - 191, u*v + 34 = v + 4*g. What is the tens digit of v?
5
Suppose 39940 = 8*g + 10308. What is the thousands digit of g?
3
Let z be 18/5*((-80)/(-12))/2. Let n = z - 13. What is the tens digit of (-86)/(-2 - n) + -1?
8
Let z = -66 + 70. Suppose -i = -2*i + z*p - 39, 2*i = -5*p - 65. Let v = 65 + i. What is the units digit of v?
0
Suppose -8 = -204*o + 202*o. Suppose 0 = -3*p - r + 2755, 3 - 11 = o*r. What is the hundreds digit of p?
9
Suppose 20 = -r - 4*b, -6*b + 7*b = 4*r + 12. What is the tens digit of 4/(8/(-6)) - (r + -157)?
5
Let z(g) = -10*g**3 + 2*g**2 + 34*g + 56. What is the thousands digit of z(-7)?
3
Suppose 4*w = -2113 - 1491. Let m = 1423 + w. Let v = -370 + m. What is the hundreds digit of v?
1
Suppose 0 = -5*w + 3*w + 4*u - 72, -10 = -2*u. What is the tens digit of (-1)/(w/50 - (-7)/14)?
5
Let r = -635 + 735. What is the tens digit of 1426/4*(104 - r)?
2
Let j be 4/26 - 8/52. What is the tens digit of (-3366)/(-77)*((-14)/(-3) - j)?
0
Let f = -2022 - -1067. Let l = -590 - f. What is the tens digit of l?
6
Let b(a) = -8*a**3 - 7*a**2 + 15*a + 30. What is the tens digit of b(-7)?
2
Suppose -5*p - 2*a = -11, 2*a - 12 = -4*p - 4. Let l be (-14)/(-8) - (-2)/8. Suppose 111 = l*c + n + 4*n, -p*n + 153 = 3*c. What is the tens digit of c?
4
Let i = 197 - 195. Suppose 1031 - 354 = m - 5*x, 0 = i*m - x - 1381. What is the units digit of m?
2
Suppose 0 = 5*i - 0*r + 2*r - 6, 5*r = i - 12. Suppose -4*h + 6*y + 240 = i*y, -h = 5*y - 36. Let f = h - -127. What is the units digit of f?
3
Let v(b) = 4*b + 124. Let m be ((-1)/(-1) - (-2 - 0))*11. What is the units digit of v(m)?
6
Let s(z) = -481*z**2 + 14*z + 25. Let q be s(-2). Let t = -1357 - q. What is the hundreds digit of t?
5
Suppose 23*d - 1 = 22*d, 0 = s + 4*d - 14219. What is the units digit of s?
5
Suppose -172462 = -80*v + 272098. What is the units digit of v?
7
Suppose -g - f = -5*g + 6084, -4563 = -3*g - f. What is the tens digit of g?
2
Let o = 612 + -130. Let g = 1528 - o. What is the thousands digit of g?
1
Let o be 4/(-12) - 56/(-6). What is the tens digit of (162/5)/(o/30)?
0
Suppose l - 4 = -2*m, -5*m = -6*l + l + 20. Suppose 5*d = y - 0*y - 543, m = 5*y + 2*d - 2634. What is the units digit of y?
8
Suppose 8*q - 68676 = -6*q + 150298. What is the ten thousands digit of q?
1
Let q be (8/5)/(13/(-65)). Let x = q + 79. Suppose 4*p - 137 = x. What is the tens digit of p?
5
Suppose 2*l + 5*r - 55 = 0, -l + 4*r + 66 - 19 = 0. Suppose -l + 23 = -4*j. Suppose -513 - 277 = -4*p - 3*g, j*p - 4*g = 605. What is the units digit of p?
9
Let a = -507 + 2200. Let h = a - 886. What is the tens digit of h?
0
Suppose 2353*c - 2366*c + 87867 = 0. What is the hundreds digit of c?
7
Suppose 7*k + 837 = -570. Let m = k + 784. What is the tens digit of m?
8
Let b = -32 - -38. Suppose 4*x + 4 = b*x. Suppose -x*m + 76 = -124. What is the units digit of m?
0
Suppose -4*i = -3*d - 7, -2*i - 56 + 27 = 5*d. What is the hundreds digit of (-1 + 2/(-3))/(d/1710)?
5
Suppose 2*y = 3*y - 832. Suppose -4*f = -3*t - y, 2*t + 356 = 2*f - 62. What is the hundreds digit of f?
2
Let g(i) = -2*i**2 - 2*i + 1. Let x(y) be the first derivative of 7*y**3/3 + 5*y**2/2 - 3*y - 29. Let j(m) = 8*g(m) + 3*x(m). What is the tens digit of j(-4)?
8
Let a(m) = m**3 + 2*m**2 - 48*m + 45295. What is the tens digit of a(0)?
9
Suppose 28*h - 8505 = 6167. Suppose 5*y - 530 = -5*k - 0*y, 0 = -5*k - 2*y + h. What is the units digit of k?
4
Suppose -3*g - a + 3002 = 673, 0 = -g + a + 771. Let r = -326 + g. What is the units digit of r?
9
Let l(f) = f**3 - f**2 + f - 4. Let p be l(2). Suppose 0 = -p*z - z. Suppose z = -7*x + 10*x - 201. What is the units digit of x?
7
Suppose 2*d = j + 7*d - 32, 48 = 4*j + 4*d. Suppose -32*g + 39*g = -j. What is the units digit of (320/(-50))/(((-4)/(-10))/g)?
6
Let j(f) = 67*f + 460. Let v(i) = -13*i - 92. Let o(y) = 2*j(y) + 11*v(y). What is the units digit of o(-12)?
6
Let h(z) = -z**3 - 4*z**2 + 2*z + 10. Let d be h(-8). Let s = d + -82. Suppose -u + 36 + 16 = 4*o, 5*u = 3*o + s. What is the units digit of u?
6
What is the thousands digit of 6/(60/50) - (5 - (14047 - -6))?
4
What is the hundreds digit of (147961 - (-6 - -3))*(700/80)/35?
9
Suppose 5*x + 9968 - 37515 = -3*p, -p + 2*x = -9175. What is the hundreds digit of p?
1
Let j(x) = -33*x - 62. Let m be j(-14). Let y be (-4 - -3 - 2) + 6. Suppose 80 = a - y*w - 0*w, -5*a = 2*w - m. What is the tens digit of a?
8
Suppose q - 4*x + 0*x = -11, 3*x - 12 = 0. Suppose -655 = q*k - 0*k. Let b = k + 218. What is the tens digit of b?
8
Suppose 0 = 5*m + 3 - 23. Let v(k) = -3*k**3 - k**2 + 7. Let l be v(m). Let j = 387 + l. What is the units digit of j?
6
Let r(i) = 71*i + 2. Let w be r(3). Suppose v = 3*z - 6*z + 27, w = 5*v - z. Suppose -2*d + v = -4. What is the tens digit of d?
2
Let i = -1263 - -3540. What is the units digit of i?
7
Let r(c) = -144*c + 26. Let z(y) = 48*y - 9. Let s(a) = 4*r(a) + 11*z(a). Let h be s(-4). Let u = 282 - h. What is the units digit of u?
5
Let g(x) = -25*x - 60. Let i(c) = c**3 - 6*c**2 + 6*c - 15. Let m be i(4). What is the tens digit of g(m)?
1
Let n(b) = -2*b**3 - 6*b**2 - 10*b + 4. Let g be n(-6). Let i = -180 + g. What is the hundreds digit of (1/(12/i))/((-1)/(-21))?
1
Suppose -121382 - 696106 = -39*m - 17*m. What is the tens digit of m?
9
Let q(s) = 4*s - 43. Let j be q(12). Suppose 0*p + p - k - 304 = 0, -4*p + 1218 = -j*k. What is the units digit of p?
2
Let t(d) = -40*d**2 + 854*d - 27. What is the hundreds digit of t(18)?
3
Suppose 0 = 3*f - 2*y - 19, y + 3 = -3*f + 7. Suppose -t = -f*r - 490, 2*r + 2008 = 4*t + 6*r. What is the units digit of t?
9
Let p(r) = 464*r**2 - 28*r + 112. What is the units digit of p(3)?
4
Suppose 0 = -5*a + 5, f + 4*f + a - 1 = 0. Suppose -9*l - 1378 = -5*o - 13*l, f = -5*o + l + 1393. What is the units digit of o?
8
Let o = 118 + -9. What is the tens digit of 4 + -1 + o - (4 - 9)?
1
Let v be (2 - 2)/(1 + (-2 - -3)). Suppose v*t = -2*t - 74. Let q = 41 + t. What is the units digit of q?
4
Suppose -3*q - 6616 = 4*p + 4538, 5*p = 5*q + 18590. What is the tens digit of q/(-14) + (-148)/259?
6
What is the ten thousands digit of (-2993)/82*314/(-1)?
1
Suppose -2*t = -w - 28, 0 = -4*t - 0*t - 3*w + 46. Let s(r) = 24*r - 28. Let g be s(t). Let j = 425 - g. What is the units digit of j?
1
Let p = 617 - 389. Suppose 4*a - p + 3656 = 4*j, -2*a + 6 = 0. What is the hundreds digit of j?
8
Let q(n) = 2*n + 13. Let u be q(-7). Let s(p) = 11*p - 22. Let h(z) = -z - 1. Let d(j) = u*s(j) + 5*h(j). What is the hundreds digit of d(-12)?
2
What is the units digit of (-12)/10 - (-382343)/65?
1
Suppose 3*y - 3 = 3. Let n be (223/4)/(y/8). Let b = n + -159. What is the tens